 -14 + 7 + 60 + -79
-25
What is the value of (2 - -39) + (8 - 8) - (-7 + 5 + -7)?
50
Calculate 4 + -1 + (19 - 27) - (27 - 24).
-8
What is the value of (0 - 9) + (53 - 66 - -43)?
21
Calculate -35 + (119 - 33) + -89.
-38
Evaluate (-67 - -81) + 6 + 21.
41
What is -14 - -1 - (-52 + 50 + -41)?
30
What is 32 + (-7 - (-26 + 25) - 10)?
16
What is the value of 17 + 1 + -5 + (16 - (-26 + (20 - -18)))?
17
-20 - (21 - (-10 - (-27 + -23)))
-1
What is -3 + (-1 + (12 + -18 - 0) - 1) - -23?
12
0 + (-2 - -2) + -276 + 235 + (-2 - 5)
-48
Calculate 54 + -34 + 28 + -3 + 15.
60
19 + 10 + -22 + -7 + (-11 - -4)
-7
(-6 - 3 - (-2 + 1 - (-250 + 258))) + -27
-27
42 - 17 - (-4 - 43)
72
What is the value of (89 + -1 - 55) + 68?
101
(504 - 480) + (4 - 4) + (4 - 0)
28
Evaluate (1119 - 1080) + (12 - ((-1 - -1) + 2)) - 8.
41
Calculate -9 + -5 + 12 + (9 - 28 - -17).
-4
-49 - -41 - (0 + 11) - 11
-30
Evaluate 82 + -20 + 63 + -13.
112
Calculate -47 - (28 - 6 - 24).
-45
Evaluate -19 + -1 - (-23 - (-3 - -36)).
36
Calculate 19 + 13 + 14 + 2 + -24.
24
Calculate 148 + (32 - 40) - 74.
66
Calculate (94 - (20 - (32 + -12 + 2 + -11))) + -8.
77
What is -60 + (33 - 8) + -5 - -24?
-16
What is 30 + (-3 - (-12 - -5)) + (-29 - -25)?
30
What is -3 + (-1 - 12) - ((48 - 10) + -32)?
-22
(40 - (56 + -68)) + (0 - 9)
43
What is the value of 5 + -4 - (156 + -143) - (14 - (0 - -1))?
-25
What is the value of 0 + -59 - (46 + -48 - -10 - (3 - -4))?
-60
What is (274 - 286) + 52 + -31?
9
What is -10 - 3 - (-85 - -124)?
-52
What is the value of 39 + (-69 - (31 - 88))?
27
What is the value of (-12 - 0) + (2 - 6) + -141 + 149?
-8
Evaluate -386 + 414 + 16 + -3 + -1 + 0.
40
What is the value of (74 + -53 - -67) + 1?
89
What is -13 + (27 + -31 - -31) + -94?
-80
Evaluate 690 + -752 - (7 - 28 - -3).
-44
-1 - 15 - ((38 + -40 - 25) + 74)
-63
What is (14 - (7 + 20)) + (-3 - 30)?
-46
Evaluate 17 + (-6 - -56) - 129.
-62
What is the value of (-358 - -207) + 26 + 74?
-51
What is the value of (-23258 - -23250) + (-1 - -129)?
120
What is (-112 - (7 + -12 + -2)) + (9 + -36 - -34)?
-98
50 - (29 - -21) - 15 - 3
-18
12 + -1 - -1 - (145 - 132 - 32) - -8
39
What is (1 - (-51 + 3)) + -73 + 96 + -44?
28
What is the value of 62 + -2 - (-183 - -198)?
45
Evaluate -12 - ((35 - 62) + -23).
38
What is the value of 33 - (-24 + (54 - 9))?
12
11 - 8 - (16 + 8) - -14
-7
Evaluate (2 + -5 + 10 - -5) + (-376 - -396).
32
What is the value of -27 - ((24 - 3) + -20)?
-28
(147 - 264) + -9 + 0 + 7 + -59 + 65
-113
What is the value of -82 - -127 - (8 - -18) - 73?
-54
What is (3 - 93) + (2776 - 2745)?
-59
What is -3 + 76 + (3 - (-10 + 6) - 13)?
67
Evaluate -27 + 25 + (3 - (39 - 9)).
-29
What is -19 + 0 - (-109 + 83 + (19 - -16))?
-28
Calculate (-85 - -174) + (-52 - -75).
112
What is the value of -75 - (-46 + (11 - 13))?
-27
What is (-43 - (62 - 107)) + 25?
27
-116 + 122 - (15 + 59 - -12)
-80
Calculate -16 + 0 + (-266 - -253 - (-19 - 0)) - 27.
-37
Calculate (0 + 42 - (3 - (-6 - -4))) + (-32 - -38).
43
Calculate 47 - ((-8 - 4 - 2) + (-213 - -210)).
64
22 - (15 - 14) - (19 + (-12 - -11))
3
Calculate (-602 - -450) + (0 - -89).
-63
5 + -1 - 57 - (177 + -153)
-77
Calculate (-6937 - -6897) + (2 - 20).
-58
What is 21 + 57 - (-178 + 410)?
-154
What is the value of 46 + -209 - -83 - -89?
9
Calculate 6 - 28 - (326 + -325).
-23
(11 - (14 - -6) - -13 - 15) + 11
0
6 - (2 - (-3 - 5 - 3)) - 40
-47
-1 + 22 - (-8 + 65 + (0 - 3))
-33
What is (-1656 - -1663) + (-77 - (-3 - 0))?
-67
What is the value of -4 - (-1 + 4 + 5 + (0 - -5) + -6)?
-11
What is -19 + -14 + 50 + -46 + -2?
-31
What is (1 - -23) + -2 + 1 - (-130 + -24 + 155)?
22
Calculate 2 + -48 + 640 + -668 + (32 - -2).
-40
What is -230 + 81 - (-71 + -82)?
4
What is 86 - 56 - (6 - -32)?
-8
What is (188 - 215) + (4 + 0 - 34)?
-57
233 + -264 + (4 - -3 - 16)
-40
Evaluate 31 + -19 - (3 + 42).
-33
117 - (6 + 21 + 30)
60
(2 + -2 - -46) + (-8 - (24 - 23))
37
Calculate -1245 - -1167 - (-9 - 8).
-61
What is the value of -92 + (144 - 58 - 15)?
-21
18 + (-164 + 143 - (-23 - 1))
21
Evaluate 15 + (66 + -54 - (30 + -37 + -44 + 0)).
78
What is the value of -17 + -10 + (-31 - -18)?
-40
What is (-8 - (-28 - -44)) + (13 - (-117 - 7))?
113
What is 4 + (-11 - -3) + -7 + 81 + 19 + -6?
83
What is the value of (-84 - (-18 - (-33 + 54))) + -60?
-105
Calculate (-117 - (69 - 153)) + (2 - 26).
-57
What is the value of -182 + -105 + -83 + 284?
-86
What is (14 + 4 - 33 - (-17 + 5)) + 35?
32
8016 + -7873 - (161 + -2)
-16
What is the value of -1 + -9 + 6 + -75 + 76 + -68?
-71
What is the value of (3 + 0 - (4 + 6)) + 963 + -924?
32
Evaluate 7 + -1 + (-10 + -39 - -142) + (-5 - 2).
92
Evaluate (-7 - -1) + -15 + (43 - 10) + -8.
4
What is the value of -41 - (37 - (-7 - -34))?
-51
Evaluate 99 + -167 - (-7 - 11 - 17).
-33
14 + -32 - (-17 + (9 - (2 - -13)))
5
(-592 - -609) + -22 + -2
-7
Evaluate (158 - 312) + 90 + 22 + -1.
-43
Evaluate (2 - -104) + (46 + 92 - 171).
73
Evaluate (14 + 0 - 3) + 0 + 2638 + -2633.
16
Evaluate -7 - ((1 - -20) + (135 - 178)).
15
What is 8 + (-22 - -9) + -28?
-33
Calculate -6 + 4 + -34 - (-1379 - -1355).
-12
(33 + (-13 - 6) - 20) + 19
13
14 - (83 + 6 + -15) - 7
-67
Calculate (-374 - -60) + 268 + (1 - 11).
-56
Calculate 9 + -10 + -1 + 1 + (46 - 124) + 70.
-9
What is the value of 8 - (-34 + 105 + (-13 - -53))?
-103
What is 2 - 16 - (-117 + 135)?
-32
What is the value of 7 + (-18 - 9 - -12) - 15?
-23
What is (2 + -1 - (579 - 585)) + (75 - 3 - -2)?
81
Calculate -19 + 2 + (-1 - 14 - (247 - 273)).
-6
What is the value of -12 + -7 + 8 + (-13 + 10 - 13)?
-27
What is the value of -31 + 39 + -14 - ((2 - -2) + -3 + 38)?
-45
Calculate (25 - (-27 - -54) - (3 + 96 + -3)) + 10.
-88
Calculate 20 - (15 + -13 + 8 + 4) - -17.
23
What is (34 - -49 - 4) + (2 - 0)?
81
-129 + 33 + (42 - (-28 - -88))
-114
Calculate 3 - (4 - -1 - (12 + -38 + 35)).
7
Evaluate (-73 - 22) + (150 - 50).
5
Calculate (38 - 5) + -61 - 3.
-31
Evaluate 18 + (-9 - (-42 + -26 - -17)).
60
-17 + (64 - 18) + 11
40
(-2 - -10) + (45 - 42 - 1) + (0 - 68)
-58
What is 8 + (-18 + (-17 - -9) - -21)?
3
-1 + 1 + (-3 - 7) + -7
-17
Evaluate (-33 - (-40 + 15)) + 178 + -25.
145
Calculate -57 - ((13 - 11) + 13 - (-24 + 47)).
-49
What is the value of 2 - -16 - (15 + (20 - 43))?
26
Evaluate (-5 - -5) + -214 + 188 + (-2 + 2 - 3).
-29
What is -21 + (10 + 2 - (126 + -101 + (0 - 10)))?
-24
58 - (-105 + 199) - (0 - 4)
-32
Calculate -143 - (10 + (102 - 258)).
3
Evaluate -33 - (-13 + -1) - -28 - (3 - 5 - -88).
-77
Calculate 73 + (114 - 219) + -63.
-95
Evaluate (4 - (28 + -35)) + (37 - 2) + 11.
57
Evaluate -128 + 102 + -21 - 75.
-122
(-32 - (4 + -95)) + -36
23
Calculate (37 - -2) + -33 + 51 - 20.
37
Evaluate -928 + 921 + 2 + (128 + 7 - -5).
135
(3 + -1 - -40) + (25 - (37 - (-3 - -10)))
37
-18 + (-61 - -39 - (-9 + 5))
-36
Evaluate -24 - (-62 + 93 - 106).
51
What is 31 + -23 + -18 - -30 - 85?
-65
Evaluate 7 - (3 + 0 + -1) - (24 - 5 - -41).
-55
What is -45 + (-46 - -41) - -6?
-44
Calculate 8 + -3 - 48 - (0 - (6 + -14) - 5).
-46
Evaluate 0 - (17 + -23 + 13).
-7
Calculate 849 + -835 + (14 - (-9 - -4)) + -3.
30
Evaluate (-41 - -13 - -83) + -57 + (66 - 0).
64
Calculate -33 - (-195 + 153) - (-3 + 12 + -3).
3
What is 21 - (-28 + 53) - -46?
42
(-4 - -5) + -3 + 9 - (702 + -649)
-46
What is the value of (2 - 31) + (-12 - 1 - (57 + -5 - 62))?
-32
Calculate -3 - (-45 + 188 + -59).
-87
Calculate 20 - -18 - (-9 + -1 + 10 + 12).
26
What is the value of 13 + (25 - 29) - (6 + -1 + (65 - -4))?
-65
-2 + -33 - (-116 - (95 - 262))
-86
-37 + -31 + 13 + 9
-46
(13 - 2) + -6 - -23
28
-9 + (-7 - (-2 + -2) - -3) + -31 + -2
-42
(-10 - -8) + (10 + -11 - (-4 - -10))
-9
What is -53 - (3 - (88 + -36))?
-4
What is the value of 376 - 437 - (-2 - 10)?
-49
What is 9 - 5 - (1 - 16) - (2140 - 2066)?
-55
Calculate -60 - 1 - ((28 - -1) + 247 + -261).
-76
Evaluate 8 - ((69 - 28 - 32) + (0 - 4)).
3
What is the value of (4 + -13 - (-16 + -17) - 50) + -82?
-108
(175 - 193) + (-94 - -50)
-62
(4 - (28 - 33)) + (28 - 13) - -72
96
Calculate (7 - 41) + 10 + 2 + -6 + -3.
-31
Calculate (38 - (-1 + -8)) + (-57 - -42).
32
What is the value of (24 - 2) + (1167 - 1262)?
-73
Calculate 56 - (16 + -11 + (-1 - 2 - (16 - 19))).
51
What is the value of 65 - (-6 - -1) - (-59 - (-26 + -27))?
76
What is the value of -221 - -163 - (-37 + -64)?
43
Evaluate 1 + -4 + 16 + (-